4. Suppose 2*u - 4*n = 0, -43*n = u - 41*n - 4. Calculate b(u).
-26
Let b(z) = 10*z - 20. Let r(q) = q - 6. Let c(y) = y - 8. Let s(v) = -4*c(v) + 6*r(v). Let a(g) = -3*b(g) + 14*s(g). Calculate a(-6).
16
Let g(c) = c**2 + c - 28. Let y be -3*(-8)/(-96)*0. Give g(y).
-28
Let l(d) be the third derivative of 0*d + 0 - 13/24*d**4 + 1/6*d**3 + 5*d**2. Let m(q) = q + 5. Let x be m(-6). Give l(x).
14
Let t(y) = -y - 5. Let w(x) = 2*x + 3. Let a(o) = 3*t(o) + 2*w(o). Give a(5).
-4
Suppose 2*q = -y - 4, -5*y + q - 20 = 3*q. Let o(c) = 5*c + 17. Let m be o(y). Let x(k) be the first derivative of -k**2/2 + 2*k + 1. Calculate x(m).
5
Let j = -1 - 1. Let h(l) = l**3 + 3*l**2 + 1. Let c be h(j). Let q(i) = i - 6. Let p(y) = -3*y + 17. Let w(s) = -2*p(s) - 5*q(s). Determine w(c).
1
Let h(m) = -m**3 - 5*m**2 - 9*m - 16. Let f be 460/(-75) + 2 + (-18)/(-135). Determine h(f).
4
Let j(s) = -s - 12. Suppose 8*u - 6*l - 3 = 11*u, -3*u = -l + 17. Calculate j(u).
-7
Let y = -9 + 16. Let v = y - 7. Suppose 0 = -3*l + l + 3*i - 13, v = l + i + 4. Let o(n) = -n**2 - 5*n + 3. Give o(l).
3
Suppose -2*r + h - 108 = 0, -70 = r + 3*h - 9. Let a = 52 + r. Let o(w) = -2*w**2 - 4*w - 4. What is o(a)?
-10
Suppose 3 = -5*a + 23. Let p(l) = -6*l - a*l + 1 - l**2 + 4*l. Let g = 426 - 431. Determine p(g).
6
Let d be 2/(-3) - (-17)/3. Let z be 6/60 - (-203)/70. Let k(m) = 3*m**2 - m**z + 2*m**3 - d + 2*m + 2*m**2 + m**2. Determine k(-5).
10
Let c(s) be the second derivative of s**5/20 - 5*s**4/12 + s**3/2 - s**2 - 2*s + 36. Determine c(4).
-6
Let u(t) = t - 3. Let i(o) be the second derivative of -o**3/6 + 3*o**2/2 + 9*o. Let z(l) = -5*i(l) - 4*u(l). What is z(4)?
1
Let p(y) be the second derivative of y**4/12 - 4*y**3/3 - 5*y**2/2 - 5*y. Let c(u) = -6*u + 171. Let t be c(27). Determine p(t).
4
Let v(q) = -q**2 - 7*q + 3. Let j be v(-7). Let u be (j/6)/(3/6). Let t(b) = 3 + 2 - 1 - 3 + 9*b**2. Determine t(u).
10
Let a(z) = -2 + 12*z - 17*z + 9*z - 4*z**2. Calculate a(2).
-10
Let d(a) be the second derivative of a**4/12 + a**3/2 - 2*a**2 + 350*a - 1. Let y = -5 - -1. Let v = 7 + y. Determine d(v).
14
Let p be 1/(7/3 + -2). Let m(a) be the second derivative of a**3/6 - 7*a**2/2 - 516*a. Calculate m(p).
-4
Let h(o) = -o**3 + 5. Let v be ((-1)/5)/((-8)/200). Suppose 2*r = -r - v*i, 2*i = -r. Give h(r).
5
Let y = 142 - 140. Let m(d) = 11*d + 12 + d**y + 0*d - 9*d + 5*d. What is m(-8)?
20
Let r(f) = f - 6. Let y = -22 + 10. Let k be (-1)/(y/(-44))*6. Let w = -16 - k. Determine r(w).
0
Let r(f) = -3 - 2*f**3 - 98*f + 4*f**2 + 192*f - 92*f. Give r(3).
-15
Let o(x) = 5 + 6*x + 5*x - 16*x + 7*x. Determine o(-8).
-11
Let l be 90/12*(40/(-12))/(-5). Let c(i) = -i**3 + 6*i**2 + 2*i + 8. Let n(m) = 4*m**3 - 25*m**2 - 8*m - 33. Let r(z) = 9*c(z) + 2*n(z). What is r(l)?
-9
Let x(o) = -o**3 + 4*o**2 + 7*o - 4. Let r be x(5). Let v(c) be the first derivative of 1/3*c**3 - 1 - 4*c**2 + 4*c. Determine v(r).
-8
Suppose 2*m = -3*m + 35. Let n(u) = 5*u - 1 + 4 + m*u**2 - 15*u**2 - 2. Let z(c) = 9*c**2 - 4*c - 1. Let a(y) = 4*n(y) + 5*z(y). Determine a(-1).
12
Let o(r) = 3*r + 12 - 2*r**2 + r**2 - 15 + 10. Give o(0).
7
Let y(a) = 7*a**2 + 14*a + 6. Let u(r) = 12*r**2 + 27*r + 13. Let m(j) = 3*u(j) - 5*y(j). Calculate m(-12).
21
Let q(h) be the second derivative of 8*h**5/5 - h**4/12 - 49*h. What is q(-1)?
-33
Suppose -61 = 5*y - 5*l - 6, -3*y = 2*l + 23. Let g(t) = -2*t + 6. What is g(y)?
24
Suppose 4*o + 12 = 3*y, 16*o - 9 = 4*y + 19*o. Let u(v) = 4*v + 9. What is u(y)?
9
Let d(r) be the first derivative of -15*r - 15 + 15*r - r**2. Suppose -p = -4*p + 9. Calculate d(p).
-6
Let p(x) = x - 6. Let t(a) be the first derivative of 4 + 4*a - 13/2*a**2 - 1/3*a**3. Let k be t(-13). Determine p(k).
-2
Let k(q) be the third derivative of -q**6/120 - 2*q**5/15 - q**4/12 + 5*q**3/6 - 26*q**2. What is k(-8)?
21
Let c(x) = -x**2 + 11*x + 7. Let p be c(11). Suppose -p*q - 12 = -4*s - 4*q, q = 3*s - 9. Let d(z) = -2 + 5*z - 6*z**2 + z**2 + 0*z**2 + z**3. Calculate d(s).
-5
Let m(k) = -16*k**3 - 7*k**2 - 3*k - 2. Let u(s) = -15*s**3 - 9*s**2 - 3*s - 3. Let a(v) = -5*m(v) + 4*u(v). Determine a(1).
20
Let j be (152/(-228))/(-1*2/(-6)). Let h(b) = -9*b - 3. Determine h(j).
15
Let x(i) = -17*i**3 - 88*i**2 + i - 6. Let c(r) = 2*r**3 + 9*r**2 + 1. Let y(s) = -9*c(s) - x(s). Suppose -2*j + 0*j + 14 = 0. What is y(j)?
-10
Suppose 0 = -s + 2 + 1. Suppose s = 3*i - 9. Let p(g) = -2 + 24*g**3 - i*g**2 - 25*g**3 - 5*g - 2*g**2. Calculate p(-5).
-2
Let f(p) be the first derivative of -1/3*p**3 - 18 + 7*p + 0*p**2. Determine f(0).
7
Let r(i) = i**2 - 3*i - 1. Let c be 0/(-2 + (-2 - -2)). Let o be 1 + 1 - (-2 - c). What is r(o)?
3
Let i(c) be the second derivative of -c**3/6 - 7*c**2/2 - 3*c + 2. Let m(n) = -n - 22. Let k be m(-16). What is i(k)?
-1
Let c(h) = -7 + 5 - 11*h - 9*h**2 + 17 + 8*h**2. Calculate c(-12).
3
Suppose -4*i + 24 = -i. Suppose 2*c + i*c = 70. Let n(m) = -m**2 + 8*m - 10. Calculate n(c).
-3
Let c(o) be the second derivative of o**8/6720 + o**7/280 + o**6/90 + o**5/120 - o**4 + 6*o. Let k(l) be the third derivative of c(l). Calculate k(-8).
1
Let q(j) = -j**2 + j + 1. Let n(b) = -3*b**2 - 2*b + 7. Let t(z) = n(z) - 2*q(z). Let m(h) = 14*h - 159. Let c be m(11). Give t(c).
0
Let s(c) be the second derivative of 3*c**4/4 + c**3/3 - c**2/2 + 2*c. Suppose 4 = -2*z + 10, 2*u = -2*z + 8. Give s(u).
10
Let r = -69 + 72. Let k(p) = 0*p**2 + 3*p**2 + 3*p**3 - 2*p**r - 5*p**2 - 2. Calculate k(3).
7
Let m(f) = f**2 - 4*f - 1. Let b be m(4). Let q(d) be the second derivative of d**3/6 + d**2/2 + 26*d. Give q(b).
0
Let i = -27 - -49. Let l(h) = 2*h - 2. Let r be l(6). Suppose r = -4*o + i. Let f(v) = 2*v - 4. Calculate f(o).
2
Let b(o) = -o**3 + 16*o**2 + 5*o + 7. Let k be b(9). Let f(w) = k*w**2 - 4 - 623*w**2 - w**3 + 5. What is f(-4)?
1
Let c be (-42)/49 + (-54)/(-63). Let t(y) = 2*y + 5. Give t(c).
5
Let w(i) = i**3 + 6*i**2 + i - 7. Suppose 3*c = 8*c - o + 27, 0 = 5*c + o + 23. Determine w(c).
13
Suppose -4*v - 3 = 3*a + 43, -2*a = -v + 16. Let i = a - -12. Let y(b) = 2*b**2 + 4*b - 3. Give y(i).
13
Let j(x) = -3*x**2 + 15*x - 24. Let b(z) = -13*z**2 + 62*z - 97. Let t(a) = -2*b(a) + 9*j(a). Give t(9).
-4
Let h = 49 - 44. Let a(t) = -h - 3 + 0 - t + 0*t. Give a(-5).
-3
Suppose 4*f - 2*n + 3 = n, -4*f - 2*n + 2 = 0. Let u(z) = f*z + 8*z - z - 6*z. Give u(-1).
-1
Let y(k) = -12*k - 11. Let a(o) = -15*o - 13. Let l(u) = -3*a(u) + 4*y(u). Suppose 0 = 4*r, 2*r + 20 = -5*q - 3*r. Determine l(q).
7
Suppose -3*i - 9*i + 24 = 0. Let g(s) = 2 - 6*s**2 + 3*s**2 + 0*s - 7*s + i*s**2. Let u = -19 - -11. Calculate g(u).
-6
Let u(s) = -2*s - 3. Let b = -16 + 28. Suppose a - 2 = 14. Let p = b - a. What is u(p)?
5
Suppose -4*j = -4*c + 2*c + 2, -j + 5*c = 14. Let k(o) = -2*o - 2 + 3*o - j - 4. What is k(6)?
-1
Let g(k) = k**2 + 11*k - 3. Let p be g(-6). Let x = p + 39. Let b(s) = s**2 - 7*s + 9. Give b(x).
3
Let u(b) = -b. Let o(n) = 6. Let x(v) = -v + 2. Let p(a) = 6*a - 11. Let l(z) = 2*p(z) + 11*x(z). Let d be l(1). Let k(y) = d*o(y) + u(y). Give k(5).
1
Let m be (-602)/129 + 4/(-3). Let g(t) = 5*t + 9. Determine g(m).
-21
Let f(b) = -b**2 - 6*b. Let c = 0 - 0. Suppose 5*g + 2 - 22 = c. Suppose 0 = -g*w + 5*w - x + 5, -5*w - 17 = 3*x. Calculate f(w).
8
Let j(z) be the third derivative of 7*z**4/12 + z**3/6 - 89*z**2 - 1. Give j(1).
15
Suppose -2*o + 3*z = -1, 4*o - 2*z = 3*o + 1. Let r be 10 + 0 - (-1 + -2). Let x(s) = -8*s - 13 + r. Determine x(o).
8
Let b(l) = -4*l**2 + 37*l - 36. Let t be b(1). Let r(o) = o**2 + o - 6. What is r(t)?
0
Let q be 21/5 + 12/15. Let k(x) = 2 - x**2 - 2 + 0 + q*x. What is k(4)?
4
Let x(g) = -4*g**3 - 4*g**2 - 1. Let r(m) = -3*m**3 - 3*m**2 - 1. Let t(k) = -7*r(k) + 6*x(k). Determine t(-2).
13
Let w(j) be the third derivative of -j**5/60 - j**4/3 + 11*j**3/6 + 43*j**2. Give w(-9).
2
Suppose -h + 3*y + 48 = 0, 2*h + 2*y = -y + 69. Let f = 39 - h. Let p(s) = -s**2 + s + 5. Determine p(f).
5
Let d(b) be the third derivative of -b**4/24 - 5*b**3/6 + b**2. Let f = -92 - -97. Suppose -7*z = -5*l - 3*z - 4, f*z + 8 = 3*l. Determine d(l).
-1
Let s(r) = -r**3 - 12*r**2 - 10*r + 18. Suppose 53 = -3*g + 5*u, 0 = -3*g + 3*u - 15 - 30. Calculate s(g).
7
Let d(a) be the second derivative of a**5/20 - 2*a**4/3 + 13*